- 139 = -m, 0*n + 3*m - 210 = -3*n. Suppose 2*w = n - 17. Calculate the remainder when 103 is divided by w.
25
Let v = 250 - 239. What is the remainder when (0 - 1*-1)*32 is divided by v?
10
Let f = 23 - -132. What is the remainder when f is divided by 26?
25
Let q(g) be the second derivative of -g**4/12 + 19*g**3/6 - 19*g**2/2 + g. What is the remainder when q(13) is divided by 15?
14
Let u(c) = c. Let q(z) = z**3 - 5*z**2 - z + 5. Let b(k) = q(k) + 5*u(k). Let f(d) = 13*d. What is the remainder when f(1) is divided by b(4)?
3
Suppose 18 - 14 = i. Calculate the remainder when 27 is divided by i.
3
Let b(k) = -12*k**3 - k**2 + 1. Suppose -4*h + 2*l = -14, -3*l = h + 10 + 4. What is the remainder when b(-1) is divided by (-16)/(-4 - -2) - h?
5
Let w = 12 - -4. Suppose w*l - 536 = 12*l. Calculate the remainder when l is divided by 34.
32
Suppose -3*o - 3*q + 666 - 186 = 0, 0 = 5*o - 3*q - 816. What is the remainder when o is divided by 55?
52
Let w(g) = -g**3 + 3*g**2 - g + 3. Let j be w(3). Suppose j*m = -3*m + 117. Let a(i) = i**2 - 6*i + 4. What is the remainder when m is divided by a(8)?
19
Calculate the remainder when 21 is divided by (44/16 - 3)*(1 + -53).
8
What is the remainder when (-3 - 18/(-8))*-24 is divided by (-268)/(-28) - (-3)/7?
8
Suppose 4*y = 5*s - 93, -2*s - 96 = -6*s - 4*y. What is the remainder when 143 is divided by s?
17
Let n(s) = 9*s + 16. Let h(v) = -8*v - 15. Let a(m) = 6*h(m) + 5*n(m). What is the remainder when 29 is divided by a(-6)?
5
Let r be (-2)/(-1) + -2 + 2. Suppose m + 4 = r*m. What is the remainder when m is divided by 3?
1
Suppose v + 8 = 3, -3*n + 2*v = -430. What is the remainder when n is divided by 16?
12
Suppose 2*r + 2*r - 16 = 0. Suppose r*h + 22 = -2*o, 10 = -3*h - 2*o - 6. What is the remainder when h/(-27) + 439/9 is divided by 17?
15
Suppose 4*i - 58 = -k + 3*k, 17 = i + 2*k. What is the remainder when 41 is divided by i?
11
Suppose 0*k + 3*k = 12. Let g = 12 + -10. Suppose 8 + k = g*b. What is the remainder when 15 is divided by b?
3
Let w(i) = 5*i - 14. Let k be -2 + 2 - (-1 - 1). Calculate the remainder when (3 - (4 - k)) + 39 is divided by w(7).
19
What is the remainder when (-12)/9*(-2079)/18 is divided by 52?
50
Calculate the remainder when 57 is divided by 8/3*(-63)/(-14).
9
Let p be 66/8 + 12/(-48). Let r(j) = 2*j + 1. What is the remainder when 31 is divided by r(p)?
14
Let u = 222 - 134. What is the remainder when u is divided by 30?
28
Let z be 19 - -3 - (-1 - 1). Let w = -12 + z. Calculate the remainder when w is divided by 7.
5
What is the remainder when 31 is divided by (3 + (-40)/6)*-3?
9
Let n(k) = k + 2. Let j be n(3). Suppose 0 = -5*y + q + j + 13, 4*q = -12. Let z = 3 + 2. Calculate the remainder when z is divided by y.
2
Suppose 2*a = 24 - 2. What is the remainder when a is divided by 5?
1
Let n = 187 + -112. Suppose -4*j = j - n. What is the remainder when 42 is divided by j?
12
Let c = -13 + 13. Suppose -3*x + 138 = -c*x. Calculate the remainder when x is divided by 16.
14
Let a(n) = 4*n - 1. Let h = 14 - 1. What is the remainder when a(6) is divided by h?
10
Suppose 24*d - 216 = 6*d. What is the remainder when 67 is divided by d?
7
Let v be 1*(31 - (-2 - 0)). Suppose 137 = 5*d + 5*a + 47, d + 4*a = v. Calculate the remainder when 25 is divided by d.
12
Calculate the remainder when (-24)/(-20)*(-585)/(-27) is divided by (-19)/(-2) - 1/2.
8
Suppose -5*q = -3*m - 223, -3*m + 134 = -2*q + 369. Let i = 34 + m. Calculate the remainder when 17 is divided by i/(-5) - (-4)/(-10).
8
Let f(c) = c**3 + 2*c**2 + c + 2. Let u be f(-2). Suppose -5*m + 6 + 39 = u. What is the remainder when 7 is divided by 114/27 + (-2)/m?
3
Let c be 3/2*(-6 - -4). Suppose -139 = 10*d - 529. What is the remainder when d is divided by (c/2)/((-6)/80)?
19
Let g = 20 + -14. Suppose -g*w + 10 = -w. Calculate the remainder when (-1)/2 + 39/w is divided by 10.
9
Suppose 22 = b + 2*d - 6*d, 4*b - 16 = -2*d. What is the remainder when 21 is divided by b?
3
Let g = -8 - -12. Suppose w = -g*w + 20. Calculate the remainder when w is divided by 1 - 5/(5/(-2)).
1
Let r(c) = 2*c - 2. Let z be r(0). Calculate the remainder when 4/(2 - -2) - z is divided by 1.
0
Let g(j) = -2*j. Let f = 98 - 70. Calculate the remainder when f is divided by g(-5).
8
Suppose 2*s + 2*g = 166, 0 = 10*g - 8*g + 4. What is the remainder when s is divided by 45?
40
Let n(q) be the second derivative of 3*q**5/4 - q**4/12 + q**2/2 - 5*q. What is the remainder when n(1) is divided by 9?
6
Suppose h - 2*h = 0. Let m(q) = 2*q - 6. Let k be m(5). Suppose h = k*r - 0*r - 76. Calculate the remainder when r is divided by 7.
5
Let j be 12/(-6)*27/6. What is the remainder when 12 is divided by 0 + 0 - (2 + j)?
5
Let t be (-31)/(-3) - 6/(-9). Let k = t + 1. Calculate the remainder when (k/2)/((-6)/(-8)) is divided by 3.
2
What is the remainder when 1/(-3 - (-305)/100) is divided by 12?
8
Suppose -2 = v - 7. What is the remainder when 8 is divided by v?
3
Let q = 343 - 230. What is the remainder when q is divided by 29?
26
Suppose -1 + 6 = 5*w. Calculate the remainder when 21 is divided by w/(2/36*3).
3
Suppose 69 = m - 3*l, 4*m - 2*l - 221 = -l. What is the remainder when m is divided by (1 - 3/(-4))*8?
12
Calculate the remainder when (44 - -3) + (-8)/2 is divided by 22.
21
Suppose 3*c - c - 148 = 0. What is the remainder when c is divided by 25?
24
Let y = 25 + -16. Calculate the remainder when y is divided by 6.
3
Suppose 4*r + 3*y = -11, 5*r - 2*y = -3*y. Calculate the remainder when 24 is divided by r*(12 + (1 - 0)).
11
Let z = 54 - 25. What is the remainder when z is divided by 15?
14
Let i(l) = 7*l**3 - 2*l**2 + l + 2. What is the remainder when i(2) is divided by 11?
8
Let w(r) be the third derivative of r**5/6 + r**4/8 + r**3/6 + 3*r**2. What is the remainder when w(-2) is divided by 18?
17
Suppose -7*z + 2*z = -20. Suppose z = -5*o + 7*o. Suppose 0*v + 5*c + 72 = 2*v, -o*v + 4*c + 76 = 0. What is the remainder when v is divided by 16?
14
Let z(b) = b - 6. Let u be z(0). Let v(g) = -g**3 - 6*g**2 - 2*g + 3. What is the remainder when 29 is divided by v(u)?
14
Let y = 120 - 82. What is the remainder when 74 is divided by y?
36
Suppose 2*m = p + 55, -5*m + 5*p = 3*p - 139. Suppose -5*t - 50 = -5*l, l - 3*t = m - 9. What is the remainder when l is divided by 4?
1
Let g = 63 - 36. What is the remainder when g is divided by 8?
3
Suppose -4*a + 28 = 3*c, c + a - 12 = -c. Suppose -v = -4*w - 66, 2*v - 93 = -c*w - 21. Suppose 5*g + 14 = 74. Calculate the remainder when v is divided by g.
10
Let y(v) = 15*v + 5. Calculate the remainder when y(4) is divided by 17.
14
Suppose -20 = -p - p. Let w = -10 + 39. Calculate the remainder when w is divided by p.
9
What is the remainder when (-2)/(-5) - (-1908)/30 is divided by 13?
12
What is the remainder when 46 is divided by (-4)/5*(-30)/2?
10
Let p(b) = -17*b - 19. Calculate the remainder when 127 is divided by p(-3).
31
Suppose -2*f - 5*t + 15 = -16, 0 = 2*f - 3*t + 9. Suppose 5*l - 15 = 0, -i - 3*l + 14 = 2. Calculate the remainder when i is divided by f.
0
Suppose 4*o - 10 - 11 = -5*k, -24 = -5*k - o. Suppose -i - s = -k*s - 10, 0 = -5*s - 25. Let l = i - -17. What is the remainder when 12 is divided by l?
5
Suppose 2*d + 5*z = 64, 48 = 4*d - 2*d + z. Let s = 34 - d. What is the remainder when 23 is divided by s?
11
Suppose 4*n + 5*q = 57, 7 = -5*n + 2*q + 70. Calculate the remainder when n is divided by (-15)/(-6)*(2 - 0).
3
Suppose 4*p - 6*p - 5*f = -22, -66 = -4*p + f. Calculate the remainder when p is divided by 6.
4
Let b be 150/4*6/9. Suppose -2*d = 3*d + b. What is the remainder when d/(-25) - (-34)/5 is divided by 4?
3
Let w(r) = 8*r + 101. Let x = 81 - 56. Calculate the remainder when x is divided by w(-11).
12
Let b = 43 + -29. Let f(y) = -17*y + 6. Let u be f(-6). Suppose -12 - u = -3*s. What is the remainder when s is divided by b?
12
Let a(o) = 2*o + 3. Let d be a(-3). Let x be 0 - (-2)/(-3)*d. Suppose -x*f = -f - 4. What is the remainder when 7 is divided by f?
3
Suppose 7 = 5*u - o, u = 4*o - 6 - 4. Suppose 4*t + 0*t = u*r + 24, t = -5*r - 5. Calculate the remainder when r + (23 - (-3)/(-1)) is divided by 10.
8
Let z = -14 + 27. What is the remainder when 50 is divided by z?
11
Let x be 94 +